der when 13660 is divided by 198?
196
What is the remainder when 19788 is divided by 682?
10
What is the remainder when 7116 is divided by 3356?
404
Calculate the remainder when 243 is divided by 5.
3
Calculate the remainder when 1870 is divided by 18.
16
Calculate the remainder when 71693 is divided by 811.
325
What is the remainder when 20767 is divided by 43?
41
Calculate the remainder when 21566 is divided by 23.
15
What is the remainder when 6782 is divided by 547?
218
What is the remainder when 4898 is divided by 71?
70
Calculate the remainder when 3283 is divided by 946.
445
What is the remainder when 752 is divided by 189?
185
What is the remainder when 11346 is divided by 5316?
714
Calculate the remainder when 6464 is divided by 1611.
20
Calculate the remainder when 7226 is divided by 36.
26
What is the remainder when 11178 is divided by 676?
362
What is the remainder when 11756 is divided by 261?
11
Calculate the remainder when 58210 is divided by 98.
96
What is the remainder when 48594 is divided by 824?
802
What is the remainder when 42457 is divided by 14145?
22
What is the remainder when 843237 is divided by 30?
27
Calculate the remainder when 2576 is divided by 231.
35
What is the remainder when 11655 is divided by 3795?
270
What is the remainder when 8584 is divided by 53?
51
What is the remainder when 9155 is divided by 1282?
181
What is the remainder when 1872 is divided by 165?
57
What is the remainder when 9193 is divided by 3059?
16
Calculate the remainder when 4987 is divided by 7.
3
What is the remainder when 761021 is divided by 27?
26
What is the remainder when 21155 is divided by 73?
58
Calculate the remainder when 187472 is divided by 372.
356
What is the remainder when 31235 is divided by 4457?
36
Calculate the remainder when 7308 is divided by 4.
0
Calculate the remainder when 3300 is divided by 369.
348
Calculate the remainder when 24324 is divided by 4855.
49
Calculate the remainder when 2292 is divided by 231.
213
Calculate the remainder when 5926 is divided by 1385.
386
Calculate the remainder when 144209 is divided by 11.
10
What is the remainder when 40588 is divided by 37?
36
What is the remainder when 8098 is divided by 48?
34
What is the remainder when 1465 is divided by 51?
37
What is the remainder when 40902 is divided by 286?
4
What is the remainder when 6661 is divided by 530?
301
Calculate the remainder when 1853 is divided by 128.
61
Calculate the remainder when 972 is divided by 74.
10
Calculate the remainder when 3557 is divided by 18.
11
Calculate the remainder when 40888 is divided by 296.
40
What is the remainder when 726 is divided by 141?
21
Calculate the remainder when 7067 is divided by 10.
7
Calculate the remainder when 31987 is divided by 27.
19
Calculate the remainder when 14301 is divided by 596.
593
Calculate the remainder when 12073 is divided by 6035.
3
Calculate the remainder when 8655 is divided by 146.
41
Calculate the remainder when 30242 is divided by 10078.
8
What is the remainder when 1430 is divided by 129?
11
Calculate the remainder when 428342 is divided by 5422.
4
What is the remainder when 18559 is divided by 28?
23
Calculate the remainder when 74621 is divided by 2009.
288
What is the remainder when 12302 is divided by 12099?
203
Calculate the remainder when 370256 is divided by 180.
176
Calculate the remainder when 276772 is divided by 23062.
28
Calculate the remainder when 24307 is divided by 34.
31
What is the remainder when 5653 is divided by 60?
13
What is the remainder when 46897 is divided by 301?
242
What is the remainder when 182240 is divided by 24?
8
Calculate the remainder when 8826 is divided by 2940.
6
What is the remainder when 8202 is divided by 2729?
15
Calculate the remainder when 114990 is divided by 1691.
2
Calculate the remainder when 124020 is divided by 31002.
12
What is the remainder when 109409 is divided by 34?
31
What is the remainder when 36575 is divided by 127?
126
Calculate the remainder when 2401219 is divided by 89.
88
Calculate the remainder when 50789 is divided by 276.
5
Calculate the remainder when 26886 is divided by 8960.
6
What is the remainder when 8597 is divided by 2819?
140
What is the remainder when 309610 is divided by 61913?
45
Calculate the remainder when 8953 is divided by 836.
593
Calculate the remainder when 2520 is divided by 1364.
1156
What is the remainder when 138049 is divided by 34?
9
What is the remainder when 58300 is divided by 10?
0
What is the remainder when 224139 is divided by 44825?
14
Calculate the remainder when 4409 is divided by 2131.
147
What is the remainder when 29495 is divided by 49?
46
What is the remainder when 53538 is divided by 45?
33
What is the remainder when 24174 is divided by 603?
54
Calculate the remainder when 10279 is divided by 25.
4
Calculate the remainder when 8149 is divided by 227.
204
What is the remainder when 98643 is divided by 1541?
19
What is the remainder when 20319 is divided by 6769?
12
Calculate the remainder when 178604 is divided by 29.
22
What is the remainder when 9224 is divided by 342?
332
Calculate the remainder when 1059275 is divided by 199.
197
Calculate the remainder when 1356502 is divided by 2071.
2068
What is the remainder when 23876 is divided by 280?
76
Calculate the remainder when 5724 is divided by 382.
376
What is the remainder when 5880 is divided by 57?
9
Calculate the remainder when 238617 is divided by 623.
8
Calculate the remainder when 3105123 is divided by 22.
21
What is the remainder when 3632 is divided by 1539?
554
What is the remainder when 420 is divided by 147?
126
What is the remainder when 2323 is divided by 385?
13
What is the remainder when 247682 is divided by 82551?
29
Calculate the remainder when 18962 is divided by 6320.
2
What is the remainder when 42743 is divided by 555?
8
What is the remainder when 21445 is divided by 110?
105
What is the remainder when 33599 is divided by 48?
47
Calculate the remainder when 6516754 is divided by 397.
396
Calculate the remainder when 103492 is divided by 114.
94
What is the remainder when 10767 is divided by 171?
165
What is the remainder when 22469 is divided by 321?
320
What is the remainder when 412 is divided by 105?
97
Calculate the remainder when 27842 is divided by 250.
92
Calculate the remainder when 222552 is divided by 130.
122
Calculate the remainder when 1234 is divided by 553.
128
Calculate the remainder when 46181 is divided by 4197.
14
Calculate the remainder when 20749 is divided by 83.
82
Calculate the remainder when 2812 is divided by 904.
100
What is the remainder when 2066 is divided by 1006?
54
Calculate the remainder when 169654 is divided by 11309.
19
Calculate the remainder when 7781 is divided by 8.
5
Calculate the remainder when 208 is divided by 173.
35
What is the remainder when 63413 is divided by 1095?
998
Calculate the remainder when 7431 is divided by 561.
138
What is the remainder when 70494 is divided by 47?
41
Calculate the remainder when 8526 is divided by 8511.
15
Calculate the remainder when 8329429 is divided by 734.
731
Calculate the remainder when 2678 is divided by 8.
6
What is the remainder when 12778 is divided by 116?
18
Calculate the remainder when 72815 is divided by 304.
159
What is the remainder when 40466 is divided by 123?
122
What is the remainder when 389754 is divided by 1321?
59
What is the remainder when 1486 is divided by 521?
444
Calculate the remainder when 9057 is divided by 2992.
81
Calculate the remainder when 1229 is divided by 424.
381
What is the remainder when 4245 is divided by 57?
27
What is the remainder when 2865 is divided by 483?
450
Calculate the remainder when 20642 is divided by 114.
8
What is the remainder when 610 is divided by 309?
301
Calculate the remainder when 78806 is divided by 426.
422
Calculate the remainder when 376592 is divided by 9185.
7
What is the remainder when 433335 is divided by 543?
21
What is the remainder when 19052 is divided by 124?
80
Calculate the remainder when 26585 is divided by 543.
521
What is the remainder when 1989 is divided by 19?
13
What is the remainder when 177302 is divided by 597?
590
What is the remainder when 85610 is divided by 1585?
20
Calculate the remainder when 3626 is